- 13. Let l(i) = 6*n(i) + 13*s(i). Determine l(3).
1
Let u be (40/16)/(1/2). Let o(f) = -2 - 7 + 5 + u*f - 2*f**2. Calculate o(3).
-7
Let x(j) be the third derivative of -j**6/120 - 7*j**5/30 + j**4/24 + 3*j**3/2 - 53*j**2. What is x(-14)?
-5
Let b(n) = n**3 + 2*n**2 + n - 1. Let l(p) = 5*p**3 - 6*p + 2. Let m(z) = -4*b(z) + l(z). Determine m(9).
-3
Suppose l - 3*k - 14 = 0, -4*l + 9 + 2 = -3*k. Let m(o) = -2*o**3 - o - 1. Let q be m(l). Let w(h) = -3*h**2 - 1. Determine w(q).
-13
Let m(h) = 0 + 1 - 4 + 6 - h. Let f(c) = -c**2 + 43*c - 357. Let l be f(32). Give m(l).
8
Suppose -15 = -3*q - 3*a, 0 = -5*q - a + 5*a - 2. Let f(w) = 9*w**2. Determine f(q).
36
Suppose -o = -3*o - 6. Let n(q) be the first derivative of q**3/3 + q**2 + 3*q - 2. Give n(o).
6
Let y(w) = 2*w**3 + 2*w**2 + w - 5. Let v(m) = 5*m**3 + 5*m**2 + 2*m - 11. Let o(k) = 3*v(k) - 7*y(k). Determine o(-3).
-13
Suppose -5*v = 3*z - 24, 3*z + 4*v - 21 = -0*z. Suppose -y = -2*y + z*k + 21, 10 = -2*k. Let i(a) = -a**2 + 7*a + 2. Determine i(y).
8
Let x(y) = -y**2 - 3*y - 1. Suppose -8*g = -5*g - 15. Suppose -4*c - 3*w + 4*w = 4, 5*c + g = 5*w. Determine x(c).
1
Let l(a) = -6*a**3 - a**2. Let w be -9*((-8)/(-60))/(12/(-10)). Give l(w).
-7
Suppose 0 = -5*j + 3*j + 2. Let c(a) = -3*a - 13. Let u be c(-5). Let q(g) = -2*g**2 + 1 - 4*g**u + g**2 - g - g. Calculate q(j).
-6
Suppose 5*l + 10 = -3*y, 5*l + 7 + 3 = y. Let a(m) be the second derivative of -m**3/2 - 2*m. What is a(l)?
6
Let b be (-12)/1*(-2)/(-3). Let y(i) = -2*i**3 + 4*i**2 - i. Let q(m) = -3*m**3 + 15*m**2 - 9*m + 5. Let t(o) = -q(o) + 2*y(o). What is t(b)?
3
Let z(m) = 0*m**2 + m**2 + m - 3*m**3 + 2*m**3 - 7. Let x(k) = k**3 - 2*k**2 + 14*k + 17. Let u be x(-1). Determine z(u).
-7
Let c(j) = -j**2 + 7*j - 7. Let s be -1 + -1 - (5 + (4 - 17)). Calculate c(s).
-1
Let t(c) = -c**2 + c - 1. Let d = 115 - 101. Suppose -5*o + d = 3*b, 0 = 4*b - 3*b + 5*o - 18. Calculate t(b).
-7
Let f(v) = 12*v + 3. Let n(p) = 10*p + 3. Let z(k) = 4*f(k) - 5*n(k). Let x(j) = -3*j - 4. Let r(s) = 3*x(s) - 5*z(s). What is r(-3)?
0
Let x(n) be the third derivative of n**7/2520 + n**6/360 - n**5/4 - 17*n**2. Let s(k) be the third derivative of x(k). Determine s(-3).
-4
Let x(u) be the first derivative of u**6/120 + u**5/60 - u**3/6 - 2*u**2 - 20. Let v(d) be the second derivative of x(d). Determine v(-1).
-1
Let t(m) = m**2 + 11*m + 4. Let a = -376 - -369. Determine t(a).
-24
Let x(f) = f**2 - 4*f + 1. Let d(b) = 15*b + 24. Let y be d(-10). Let j be 12/y*3 - 23/(-7). Give x(j).
-2
Let o(z) = z**3 - 3*z**2 - 8. Let d(q) = q**3 - 12*q**2 + 4. Let c be d(12). Let r be o(c). Let y(m) = m - 10. Calculate y(r).
-2
Let k(l) = -3*l - 12. Let w(n) = 7. Let y(j) = k(j) + 3*w(j). What is y(7)?
-12
Let c(b) = -b**2 + b + 1. Let u(n) = -3*n - 2. Let m be u(-2). Suppose 0 = 7*f + m - 60. Suppose -f*x = -6*x. Give c(x).
1
Let v(a) = a**3 - 4*a**2 + 4. Suppose 5*w + 33 = 3*p, -3*w = 2*p - w - 6. Suppose -12 = 2*y - p*y. What is v(y)?
-5
Let s(j) = -2*j + 2. Let x be s(2). Let d(l) = 19*l - 4. Let g(t) = 29*t - 5. Let h(m) = 7*d(m) - 5*g(m). Give h(x).
21
Let z(r) = r**2 - 4*r - 1. Suppose u - 4*v = 8, 3*u - 2*v + 7 - 21 = 0. Let g = 1 + u. Suppose 4*p - 11 + 1 = 2*w, 2*w = -p + g. Determine z(p).
-4
Let c(j) = -4*j**2 - 21*j + 1. Let r(x) = -3*x**2 - 19*x + 1. Let k(p) = -4*c(p) + 5*r(p). Give k(13).
27
Let h(b) = -b**2 - 10*b - 13. Suppose 15*g = 17*g + 18. What is h(g)?
-4
Let o(v) = -v. Let n be o(-6). Let y(c) = -1 + n - 2*c - 2. Determine y(-7).
17
Let c(w) be the third derivative of 3*w**2 + 0 + 1/8*w**4 - 1/3*w**3 - 1/60*w**5 + 0*w. What is c(4)?
-6
Let h(z) = -6*z**3 - z**2 + z + 1. Suppose -j - 3*j + 72 = 0. Let f = -18 + j. Suppose -2 - 1 = 2*s - b, f = -s + b - 2. What is h(s)?
5
Let y(z) = -z - 2. Let v be ((-2)/1)/((-2)/(-4)). Let h be y(v). Let n(p) be the third derivative of p**6/60 - p**5/30 + p**4/24 + 37*p**2 + 3. Determine n(h).
10
Let k(q) = -21*q + 301. Let v be k(15). Let g(w) = w**2 + 15*w + 11. What is g(v)?
-3
Let u = -7 - -3. Suppose t = -3*b + 2*t + 12, -5*t = b - 4. Let i(f) = -3*f - b - f**2 + 13 - 11. Give i(u).
-6
Let u = 161 + -154. Let r(v) = -4*v - 10. Give r(u).
-38
Let z(h) = -6 - 5*h**2 - 2990*h**3 + 2991*h**3 - 7*h - h**2. What is z(7)?
-6
Let x(w) = w**2 + w - 4 + 0*w**2 + 1. Suppose 0 = 4*h + 5*n + 56, h + 6 = 2*n - 8. Let d be (-8)/h + 25/(-7). Calculate x(d).
3
Let q(b) = b - 1. Suppose 6*n = 9*n - 9. Let d be q(n). Let f(r) = -r + 2. What is f(d)?
0
Let b(n) be the first derivative of 2*n**4 - n**2/2 + n + 127. Determine b(1).
8
Let v(j) be the first derivative of -j**3/6 - j**2 + 8*j - 6. Let t(h) be the first derivative of v(h). What is t(-8)?
6
Let h(c) = 2*c + 54 - 32 - 8. Give h(-5).
4
Let o(q) = 15*q + 61. Let k(v) = -8*v - 32. Let p(h) = 11*k(h) + 6*o(h). Give p(7).
28
Suppose -4*l - 4*v = -8, 7 - 2 = -v. Let x(r) = r**3 - 7*r**2 - 5*r + 6. What is x(l)?
-29
Suppose 1273*u - 1269*u + 20 = 0. Let j(o) = -2*o - 5. What is j(u)?
5
Let c(d) = -4*d + 1. Let q(z) = z. Let v(w) = c(w) + 3*q(w). Let x be 5 + (16 - 12 - (1 - 1)). Give v(x).
-8
Suppose 4*y - 99 = -m - 163, 12 = -3*m. Let r(g) = 2*g + 29. What is r(y)?
-1
Suppose h + 22 = 3*h. Let s(k) = 3 + 2*k**3 + 4*k**2 - 3*k**3 - h*k**2 + 2*k. Determine s(-7).
-11
Let w(r) = -2*r + 11*r**2 - 5*r**2 + 2*r**3 - 7*r**2. What is w(-2)?
-16
Let x(d) = -d - 8. Suppose -2*g = 4*i + 60, 0 = i - 6*i - 5*g - 80. Determine x(i).
6
Suppose -69 + 29 = 5*f. Let w(k) be the second derivative of k**3/3 + 5*k**2 - 9*k - 1. What is w(f)?
-6
Let t(y) = -2*y - 2. Let h(a) = -24*a - 30. Let x(o) = -h(o) + 10*t(o). Give x(-10).
-30
Let c(v) = -v**3 + 14*v**2 - 12*v - 11. Let a be c(13). Let r(m) = 5 - 3 - 1211*m + 1213*m. Calculate r(a).
6
Let d(v) be the first derivative of -v**4/2 - 4*v**3/3 - v**2 + v - 17. What is d(-3)?
25
Let u(n) = -4*n**2 - 15*n - 1. Let g(l) = -l**2 - 5*l. Let f(j) = 7*g(j) - 2*u(j). Let w be f(3). Let x(s) = 2*s - 4. Give x(w).
-12
Let q be -4 + 1*(0 + -2). Let o(w) = -w**3 - 8*w**2 - 7*w + 2. What is o(q)?
-28
Let g(t) be the second derivative of -2*t**3/3 + 21*t**2/2 - 2*t - 177. Calculate g(5).
1
Let k(u) = 3*u - 8. Suppose 4*v - 3*m + 7 = 3*v, -15 = -5*m. Suppose 0 = -v*d + 4*d - 28. Let q be ((-8)/(-16))/(1/d). Give k(q).
13
Let z(h) = -h**3 + 7*h**2 + 7*h + 9. Suppose 96 = -24*l + 36*l. What is z(l)?
1
Let v(u) = u**3 + 5*u**2 + 3*u + 19. Let j be v(-5). Let x(i) = -i**2 + 3*i + 5. Determine x(j).
1
Let s(j) = -3 - 12*j - j + 8*j. Let b(v) = v. Let i(y) = 6*b(y) + s(y). Determine i(4).
1
Let s(b) = -4 + 4*b**2 + b**3 + 2*b + 2*b**2 + 4*b. Let h be (246/(-27))/2 - (-8)/(-18). Determine s(h).
-9
Let z(i) = -i**3 + 7*i**2 - 6*i + 3. Let x be z(6). Suppose x*m - 27 = -o - 4*o, -4*o + 28 = -4*m. Let v be -2*o*(-3)/(-12). Let f(s) = -2*s + 3. Give f(v).
9
Let s(o) = -7 + o + 2*o + 5 - 2*o. Determine s(-3).
-5
Let f be (-1)/(4/(-17)) + (-42)/(-56). Let t(r) = 3*r**2 - 3*r - 14 + r**3 - 6*r**2 + 8 + f. Calculate t(3).
-10
Let i(c) = c + 1. Let v(j) = 11*j + 6 - 2*j - 1 + j**2. Let q(b) = -4*i(b) + v(b). Let f = 478 - 484. Determine q(f).
7
Let j(g) be the second derivative of -4*g + 1/3*g**3 - 5/2*g**2 + 0. Suppose 2*s + 24 = -4*t, 24 = -5*t - 5*s + 4*s. Determine j(t).
-13
Let b be ((-2)/(-5))/(26/1235). Let v(y) = -y**2 + 19*y - 6. Let l be v(b). Let j(n) = n**2 + 8*n + 9. Calculate j(l).
-3
Let d(c) = c**2 - 11*c - 2. Let s be 30/20*1 - 38/(-4). Determine d(s).
-2
Let g(z) = 3 - 1 + 2 - 2*z + z. Let m be 301/56 - (-4)/((-96)/9). Give g(m).
-1
Let w(x) be the first derivative of x**4/4 - 13*x**3/3 - 7*x**2 + 2*x - 109. What is w(14)?
2
Let n(f) = -f - 9. Suppose 0 = 5*z - 10 - 25. Let p be z/((-28)/12) - -3. What is n(p)?
-9
Let u be -3 + (-3 - -5) - -1. Suppose u = 5*y + 15. Let b(d) = d**2 + 5*d + 2. What is b(y)?
-4
Let u = -25 + 37. Suppose 0 = 6*d - 4*d - u. Let v(q) = q - 14. Determine v(d).
-8
Let f(h) = -h - 12. Let d be f(-16). Suppose -5*t - 1 = -d*x, 4*x = -4*t - t - 9. Let z(p) = 10*p - p - 2*p. Determine z(t).
-7
Let z(v) = -v - 4. Let b(f) = f + 5. Let h be -1*(-2 + 1) - 4. Let l be b(h). Let k be z(l). Let n(c) = c**3 + 6*c**2 + 2*c + 8. Determine n(k).
-4
Let f(g) = -g - 11. Let l be (-3 - -2 - -5)*1 + -15. Determine f(l).
0
Let w(n) = 4*n + 2*n + 10